{"id":1178,"date":"2019-04-29T16:45:27","date_gmt":"2019-04-29T14:45:27","guid":{"rendered":"http:\/\/www.cil.be\/?page_id=1178"},"modified":"2026-04-23T14:19:20","modified_gmt":"2026-04-23T12:19:20","slug":"nos-membres","status":"publish","type":"page","link":"https:\/\/www.cil.be\/?page_id=1178","title":{"rendered":"Nos membres"},"content":{"rendered":"\n<h3 class=\"wp-block-heading\">Organisations membres de l\u2019Assembl\u00e9e g\u00e9n\u00e9rale<\/h3>\n\n\n\n<p><\/p>\n\n\n\n<p><\/p>\n\n\n\n<figure class=\"wp-block-table\"><table><tbody><tr><td><strong> Agir en Chr\u00e9tiens-insform\u00e9s \u2013 ACi <\/strong><\/td><td class=\"has-text-align-center\" data-align=\"center\"><a href=\"http:\/\/www.aci-org.net\/drupal\/\" target=\"_blank\" rel=\"noreferrer noopener\" aria-label=\"\ufffc (s\u2019ouvre dans un nouvel onglet)\"><img loading=\"lazy\" decoding=\"async\" width=\"200\" height=\"97\" class=\"wp-image-1417\" style=\"width: 200px;\" src=\"https:\/\/www.cil.be\/wp-content\/uploads\/2019\/05\/Logo_ACI-1.png\" alt=\"\" srcset=\"https:\/\/www.cil.be\/wp-content\/uploads\/2019\/05\/Logo_ACI-1.png 648w, https:\/\/www.cil.be\/wp-content\/uploads\/2019\/05\/Logo_ACI-1-300x146.png 300w\" sizes=\"auto, (max-width: 200px) 100vw, 200px\" \/><\/a><\/td><\/tr><tr><td><strong>Caritas Secours Francophone et Germanophone <\/strong><\/td><td class=\"has-text-align-center\" data-align=\"center\"><img loading=\"lazy\" decoding=\"async\" width=\"75\" height=\"75\" class=\"wp-image-2178\" style=\"width: 75px;\" src=\"https:\/\/www.cil.be\/wp-content\/uploads\/2024\/12\/Logo-Caritas-Bel-Croix.png\" alt=\"\" srcset=\"https:\/\/www.cil.be\/wp-content\/uploads\/2024\/12\/Logo-Caritas-Bel-Croix.png 596w, https:\/\/www.cil.be\/wp-content\/uploads\/2024\/12\/Logo-Caritas-Bel-Croix-300x300.png 300w, https:\/\/www.cil.be\/wp-content\/uploads\/2024\/12\/Logo-Caritas-Bel-Croix-150x150.png 150w\" sizes=\"auto, (max-width: 75px) 100vw, 75px\" \/><\/td><\/tr><tr><td><strong>Communaut\u00e9s de base Wallonie-Bruxelles <\/strong><\/td><td class=\"has-text-align-center\" data-align=\"center\"><a href=\"https:\/\/sites.google.com\/view\/ccbwalloniebruxelles\/accueil\" target=\"_blank\" rel=\"noreferrer noopener\"><img loading=\"lazy\" decoding=\"async\" width=\"120\" height=\"108\" class=\"wp-image-1339\" style=\"width: 120px;\" src=\"https:\/\/www.cil.be\/wp-content\/uploads\/2019\/05\/Logo_Ctedebase.png\" alt=\"\" srcset=\"https:\/\/www.cil.be\/wp-content\/uploads\/2019\/05\/Logo_Ctedebase.png 304w, https:\/\/www.cil.be\/wp-content\/uploads\/2019\/05\/Logo_Ctedebase-300x269.png 300w\" sizes=\"auto, (max-width: 120px) 100vw, 120px\" \/><\/a><\/td><\/tr><tr><td><strong>Conseil de la Jeunesse catholique \u2013 CJC<\/strong><\/td><td class=\"has-text-align-center\" data-align=\"center\"><a href=\"https:\/\/cjc.be\/\" target=\"_blank\" rel=\"noreferrer noopener\" aria-label=\"\ufffc (s\u2019ouvre dans un nouvel onglet)\"><img loading=\"lazy\" decoding=\"async\" width=\"200\" height=\"66\" class=\"wp-image-1334\" style=\"width: 200px;\" src=\"https:\/\/www.cil.be\/wp-content\/uploads\/2019\/05\/Logo_ConseilJeuneCatho.png\" alt=\"\" srcset=\"https:\/\/www.cil.be\/wp-content\/uploads\/2019\/05\/Logo_ConseilJeuneCatho.png 342w, https:\/\/www.cil.be\/wp-content\/uploads\/2019\/05\/Logo_ConseilJeuneCatho-300x99.png 300w\" sizes=\"auto, (max-width: 200px) 100vw, 200px\" \/><\/a><\/td><\/tr><tr><td><strong>COREB<\/strong><\/td><td class=\"has-text-align-center\" data-align=\"center\"><\/td><\/tr><tr><td><strong>CRIABD<\/strong><\/td><td class=\"has-text-align-center\" data-align=\"center\"><a href=\"https:\/\/www.criabd.eu\"><img loading=\"lazy\" decoding=\"async\" width=\"150\" height=\"171\" class=\"wp-image-1854\" style=\"width: 150px;\" src=\"https:\/\/www.cil.be\/wp-content\/uploads\/2021\/06\/Logo-vect.jpg\" alt=\"\" srcset=\"https:\/\/www.cil.be\/wp-content\/uploads\/2021\/06\/Logo-vect.jpg 653w, https:\/\/www.cil.be\/wp-content\/uploads\/2021\/06\/Logo-vect-263x300.jpg 263w\" sizes=\"auto, (max-width: 150px) 100vw, 150px\" \/><\/a><\/td><\/tr><tr><td><strong>CSC Francophone<\/strong><\/td><td class=\"has-text-align-center\" data-align=\"center\"><a href=\"https:\/\/www.lacsc.be\"><img loading=\"lazy\" decoding=\"async\" width=\"120\" height=\"94\" class=\"wp-image-1773\" style=\"width: 120px;\" src=\"https:\/\/www.cil.be\/wp-content\/uploads\/2019\/08\/Sans-titre-2-e1565295151378.png\" alt=\"\"><\/a><\/td><\/tr><tr><td><strong>CVX Belgique<\/strong><\/td><td class=\"has-text-align-center\" data-align=\"center\"><a href=\"http:\/\/www.cvx-belgique.org\/\" target=\"_blank\" rel=\"noreferrer noopener\" aria-label=\"\ufffc (s\u2019ouvre dans un nouvel onglet)\"><img loading=\"lazy\" decoding=\"async\" width=\"120\" height=\"120\" class=\"wp-image-1338\" style=\"width: 120px;\" src=\"https:\/\/www.cil.be\/wp-content\/uploads\/2019\/05\/Logo_Cte_VieXt.png\" alt=\"\" srcset=\"https:\/\/www.cil.be\/wp-content\/uploads\/2019\/05\/Logo_Cte_VieXt.png 472w, https:\/\/www.cil.be\/wp-content\/uploads\/2019\/05\/Logo_Cte_VieXt-150x150.png 150w, https:\/\/www.cil.be\/wp-content\/uploads\/2019\/05\/Logo_Cte_VieXt-300x300.png 300w\" sizes=\"auto, (max-width: 120px) 100vw, 120px\" \/><\/a><\/td><\/tr><tr><td><strong>\u00c9glise-Wallonie <\/strong><\/td><td class=\"has-text-align-center\" data-align=\"center\"><a href=\"http:\/\/www.eglise-wallonie.be\/\" target=\"_blank\" rel=\"noreferrer noopener\" aria-label=\"\ufffc (s\u2019ouvre dans un nouvel onglet)\"><img loading=\"lazy\" decoding=\"async\" width=\"100\" height=\"101\" class=\"wp-image-1335\" style=\"width: 100px;\" src=\"https:\/\/www.cil.be\/wp-content\/uploads\/2019\/05\/Logo_Coq.jpg\" alt=\"\"><\/a><\/td><\/tr><tr><td><strong>Entraide et Fraternit\u00e9, Action Vivre Ensemble Education<\/strong>  <\/td><td class=\"has-text-align-center\" data-align=\"center\"><a href=\"https:\/\/vivre-ensemble.be\/\" target=\"_blank\" rel=\"noreferrer noopener\" aria-label=\"\ufffc (s\u2019ouvre dans un nouvel onglet)\"><img loading=\"lazy\" decoding=\"async\" width=\"200\" height=\"58\" class=\"wp-image-1341\" style=\"width: 200px;\" src=\"https:\/\/www.cil.be\/wp-content\/uploads\/2019\/05\/Logo_Entraidetfraternite.png\" alt=\"\"><\/a><\/td><\/tr><tr><td><strong>Equipes Notre-Dame <\/strong><\/td><td class=\"has-text-align-center\" data-align=\"center\"><a href=\"https:\/\/www.equipes-notre-dame.be\/\" target=\"_blank\" rel=\"noreferrer noopener\" aria-label=\"\ufffc (s\u2019ouvre dans un nouvel onglet)\"><img loading=\"lazy\" decoding=\"async\" width=\"200\" height=\"110\" class=\"wp-image-1340\" style=\"width: 200px;\" src=\"https:\/\/www.cil.be\/wp-content\/uploads\/2019\/05\/Logo_END.png\" alt=\"\"><\/a><\/td><\/tr><tr><td><strong>Fraternit\u00e9s s\u00e9culi\u00e8res Charles de Foucauld<\/strong><\/td><td class=\"has-text-align-center\" data-align=\"center\"><a href=\"https:\/\/fraternite-seculiere-charlesdefoucauld.cef.fr\/\" target=\"_blank\" rel=\"noreferrer noopener\" aria-label=\"\ufffc (s\u2019ouvre dans un nouvel onglet)\"><img loading=\"lazy\" decoding=\"async\" width=\"100\" height=\"138\" class=\"wp-image-1342\" style=\"width: 100px;\" src=\"https:\/\/www.cil.be\/wp-content\/uploads\/2019\/05\/Logo_Foucauld.png\" alt=\"\" srcset=\"https:\/\/www.cil.be\/wp-content\/uploads\/2019\/05\/Logo_Foucauld.png 278w, https:\/\/www.cil.be\/wp-content\/uploads\/2019\/05\/Logo_Foucauld-217x300.png 217w\" sizes=\"auto, (max-width: 100px) 100vw, 100px\" \/><\/a><\/td><\/tr><tr><td><strong>Fraternit\u00e9s la\u00efques franciscaines<\/strong><\/td><td class=\"has-text-align-center\" data-align=\"center\"><a href=\"http:\/\/www.famille-franciscaine.be\/\" target=\"_blank\" rel=\"noreferrer noopener\" aria-label=\"\ufffc (s\u2019ouvre dans un nouvel onglet)\"><img loading=\"lazy\" decoding=\"async\" width=\"120\" height=\"141\" class=\"wp-image-1548\" style=\"width: 120px;\" src=\"https:\/\/www.cil.be\/wp-content\/uploads\/2019\/05\/Logo_Fdt_Franciscaine.jpeg\" alt=\"\"><\/a><\/td><\/tr><tr><td><strong>Justice et Paix  <\/strong><\/td><td class=\"has-text-align-center\" data-align=\"center\"><a href=\"http:\/\/www.justicepaix.be\/\" target=\"_blank\" rel=\"noreferrer noopener\" aria-label=\"\ufffc (s\u2019ouvre dans un nouvel onglet)\"><img loading=\"lazy\" decoding=\"async\" width=\"150\" height=\"58\" class=\"wp-image-1550\" style=\"width: 150px;\" src=\"https:\/\/www.cil.be\/wp-content\/uploads\/2019\/05\/Logo_justicePaix.jpg\" alt=\"\" srcset=\"https:\/\/www.cil.be\/wp-content\/uploads\/2019\/05\/Logo_justicePaix.jpg 1154w, https:\/\/www.cil.be\/wp-content\/uploads\/2019\/05\/Logo_justicePaix-300x116.jpg 300w, https:\/\/www.cil.be\/wp-content\/uploads\/2019\/05\/Logo_justicePaix-768x297.jpg 768w, https:\/\/www.cil.be\/wp-content\/uploads\/2019\/05\/Logo_justicePaix-1024x396.jpg 1024w\" sizes=\"auto, (max-width: 150px) 100vw, 150px\" \/><\/a><\/td><\/tr><tr><td><strong>RivEsp\u00e9rance   <\/strong><\/td><td class=\"has-text-align-center\" data-align=\"center\"><a href=\"https:\/\/www.rivesperance.be\"><img decoding=\"async\" class=\"wp-image-1887\" style=\"width: 150px;\" src=\"https:\/\/www.cil.be\/wp-content\/uploads\/2021\/08\/rivesperance-logo-neg.jpg\" alt=\"\"><\/a><a rel=\"noreferrer noopener\" aria-label=\"\ufffc (s\u2019ouvre dans un nouvel onglet)\" href=\"https:\/\/rivesperance.be\/\" target=\"_blank\"><\/a><\/td><\/tr><tr><td><strong>Sant\u2019Egidio    <\/strong><\/td><td class=\"has-text-align-center\" data-align=\"center\"><a href=\"https:\/\/www.santegidio.be\/fr\/\" target=\"_blank\" rel=\"noreferrer noopener\" aria-label=\"\ufffc (s\u2019ouvre dans un nouvel onglet)\"><img loading=\"lazy\" decoding=\"async\" width=\"120\" height=\"93\" class=\"wp-image-1587\" style=\"width: 120px;\" src=\"https:\/\/www.cil.be\/wp-content\/uploads\/2019\/05\/Logo_SanEgidio.jpg\" alt=\"\" srcset=\"https:\/\/www.cil.be\/wp-content\/uploads\/2019\/05\/Logo_SanEgidio.jpg 400w, https:\/\/www.cil.be\/wp-content\/uploads\/2019\/05\/Logo_SanEgidio-300x233.jpg 300w\" sizes=\"auto, (max-width: 120px) 100vw, 120px\" \/><\/a><\/td><\/tr><tr><td><strong>Secr\u00e9tariat g\u00e9n\u00e9ral de l\u2019enseignement catholique \u2013 SeGEC <\/strong><\/td><td class=\"has-text-align-center\" data-align=\"center\"><a href=\"http:\/\/enseignement.catholique.be\/segec\/\" target=\"_blank\" rel=\"noreferrer noopener\" aria-label=\"\ufffc (s\u2019ouvre dans un nouvel onglet)\"><img loading=\"lazy\" decoding=\"async\" width=\"150\" height=\"79\" class=\"wp-image-1552\" style=\"width: 150px;\" src=\"https:\/\/www.cil.be\/wp-content\/uploads\/2019\/05\/Logo_segec.png\" alt=\"\"><\/a><\/td><\/tr><tr><td><strong>Union Francophone des Associations de Parents de l\u2019Enseignement Catholique  UFAPEC<\/strong>  <\/td><td class=\"has-text-align-center\" data-align=\"center\"><a href=\"http:\/\/www.ufapec.be\/\" target=\"_blank\" rel=\"noreferrer noopener\" aria-label=\"\ufffc (s\u2019ouvre dans un nouvel onglet)\"><img loading=\"lazy\" decoding=\"async\" width=\"150\" height=\"95\" class=\"wp-image-1555\" style=\"width: 150px;\" src=\"https:\/\/www.cil.be\/wp-content\/uploads\/2019\/05\/Logo-UFAPEC-couleur.jpg\" alt=\"\" srcset=\"https:\/\/www.cil.be\/wp-content\/uploads\/2019\/05\/Logo-UFAPEC-couleur.jpg 749w, https:\/\/www.cil.be\/wp-content\/uploads\/2019\/05\/Logo-UFAPEC-couleur-300x189.jpg 300w\" sizes=\"auto, (max-width: 150px) 100vw, 150px\" \/><\/a><\/td><\/tr><tr><td><strong>Universit\u00e9 de Namur<\/strong> <\/td><td class=\"has-text-align-center\" data-align=\"center\"><a href=\"https:\/\/www.unamur.be\/\" target=\"_blank\" rel=\"noreferrer noopener\" aria-label=\"\ufffc (s\u2019ouvre dans un nouvel onglet)\"><img loading=\"lazy\" decoding=\"async\" width=\"120\" height=\"120\" class=\"wp-image-1347\" style=\"width: 120px;\" src=\"https:\/\/www.cil.be\/wp-content\/uploads\/2019\/05\/Logo_Unamur.png\" alt=\"\" srcset=\"https:\/\/www.cil.be\/wp-content\/uploads\/2019\/05\/Logo_Unamur.png 400w, https:\/\/www.cil.be\/wp-content\/uploads\/2019\/05\/Logo_Unamur-150x150.png 150w, https:\/\/www.cil.be\/wp-content\/uploads\/2019\/05\/Logo_Unamur-300x300.png 300w\" sizes=\"auto, (max-width: 120px) 100vw, 120px\" \/><\/a><\/td><\/tr><\/tbody><\/table><\/figure>\n\n\n\n<hr class=\"wp-block-separator has-css-opacity\"\/>\n\n\n\n<h3 class=\"wp-block-heading\">Membres du Conseil d&rsquo;Administration<\/h3>\n\n\n\n<ul class=\"wp-block-list\">\n<li>Anne Ferier (Pr\u00e9sidente et Conseill\u00e8re th\u00e9ologique) ( <img loading=\"lazy\" decoding=\"async\" width=\"150\" height=\"25\" class=\"wp-image-1885\" style=\"width: 150px;\" src=\"https:\/\/www.cil.be\/wp-content\/uploads\/2021\/08\/presidence.jpg\" alt=\"\"> )<\/li>\n\n\n\n<li>Anne Leblanc<\/li>\n\n\n\n<li>Mgr Fr\u00e9d\u00e9ric Rossignol (\u00c9v\u00eaque d\u00e9sign\u00e9 par la Conf\u00e9rence \u00e9piscopale)<\/li>\n\n\n\n<li>Philippe de M\u00fbelenaere <\/li>\n\n\n\n<li>Pierre Xhonneux <\/li>\n<\/ul>\n\n\n\n<h3 class=\"wp-block-heading\">Observateurs<\/h3>\n\n\n\n<ul class=\"wp-block-list\">\n<li> EPUB \u2013 Eglise Protestante Unie de Belgique <\/li>\n\n\n\n<li> Eglise orthodoxe <\/li>\n\n\n\n<li> Interdiocesaan Pastoraal Beraad &#8211; I.P.B. <\/li>\n<\/ul>\n","protected":false},"excerpt":{"rendered":"<p>Organisations membres de l\u2019Assembl\u00e9e g\u00e9n\u00e9rale Agir en Chr\u00e9tiens-insform\u00e9s \u2013 ACi Caritas Secours Francophone et Germanophone Communaut\u00e9s de base Wallonie-Bruxelles Conseil de la Jeunesse catholique \u2013 CJC COREB CRIABD CSC Francophone CVX Belgique \u00c9glise-Wallonie Entraide et Fraternit\u00e9, Action Vivre Ensemble Education Equipes Notre-Dame Fraternit\u00e9s s\u00e9culi\u00e8res Charles de Foucauld Fraternit\u00e9s la\u00efques franciscaines [&hellip;]<\/p>\n","protected":false},"author":330,"featured_media":0,"parent":0,"menu_order":0,"comment_status":"closed","ping_status":"closed","template":"","meta":{"footnotes":""},"class_list":["post-1178","page","type-page","status-publish","hentry"],"_links":{"self":[{"href":"https:\/\/www.cil.be\/index.php?rest_route=\/wp\/v2\/pages\/1178","targetHints":{"allow":["GET"]}}],"collection":[{"href":"https:\/\/www.cil.be\/index.php?rest_route=\/wp\/v2\/pages"}],"about":[{"href":"https:\/\/www.cil.be\/index.php?rest_route=\/wp\/v2\/types\/page"}],"author":[{"embeddable":true,"href":"https:\/\/www.cil.be\/index.php?rest_route=\/wp\/v2\/users\/330"}],"replies":[{"embeddable":true,"href":"https:\/\/www.cil.be\/index.php?rest_route=%2Fwp%2Fv2%2Fcomments&post=1178"}],"version-history":[{"count":78,"href":"https:\/\/www.cil.be\/index.php?rest_route=\/wp\/v2\/pages\/1178\/revisions"}],"predecessor-version":[{"id":2242,"href":"https:\/\/www.cil.be\/index.php?rest_route=\/wp\/v2\/pages\/1178\/revisions\/2242"}],"wp:attachment":[{"href":"https:\/\/www.cil.be\/index.php?rest_route=%2Fwp%2Fv2%2Fmedia&parent=1178"}],"curies":[{"name":"wp","href":"https:\/\/api.w.org\/{rel}","templated":true}]}}